sor of n and 600?
75
Suppose 0*y - 10 = -2*y. Suppose -4*a + 16 = -a - i, -y*i - 10 = -5*a. Suppose 0*w - 3*w + 21 = 0. What is the highest common divisor of w and a?
7
Suppose -4*i + 1912 = 5*m, -3*i - 335 + 1788 = -m. Calculate the highest common factor of i and 1288.
161
Let v = 1948 + 326. Calculate the highest common divisor of v and 6.
6
Suppose -183 - 247 = -j. Suppose 0 = 5*v + 4*s - 70, -691*v - 2*s = -696*v + 40. What is the highest common factor of j and v?
10
Let j be (25 + -29)*(1 + (-1 - -3)). Let g be j + 2 + 2 + 21. Calculate the greatest common factor of 1183 and g.
13
Suppose -717 = 41*w - 4038. Calculate the greatest common factor of w and 567.
81
Suppose -12*p + 46 = -38. Suppose -p*l - 130 = -12*l. Let g = 70 - l. What is the greatest common factor of g and 22?
22
Let k = 3303 + -3183. What is the greatest common divisor of 520 and k?
40
Let v be 5*(-55)/50*-26. Let g = v + -121. What is the greatest common divisor of 110 and g?
22
Let v = -57 - -53. Let f be (296/(-20) - v)*-5. Suppose j - 15 + 0 = -2*r, 0 = r - 5*j + 9. What is the highest common divisor of r and f?
6
Suppose 7*o - 248 = 3*o - 4*q, -5*o + 310 = 2*q. Suppose -4*l = -8, -4*l + o = 2*g - 0*l. What is the highest common divisor of 6 and g?
3
Suppose 732*o - 1516*o = -742*o - 46200. What is the highest common divisor of o and 900?
100
Let q(w) = 22*w - 4. Let t be q(-3). Let h = t + 85. Let i(u) = -u**2 + 12*u - 17. Let a be i(9). Calculate the highest common factor of a and h.
5
Suppose 7*k = 9*k - 12. Suppose -2*c = -c - k. Let i = 667 - 661. What is the greatest common divisor of c and i?
6
Let m be 13/3 - 1/6*2. Suppose -u - y + 0*y = -158, -2*y + 624 = m*u. What is the greatest common factor of 14 and u?
14
Suppose 39 = 2*f + r - 44, f + 5*r - 55 = 0. Suppose -4*z - 42*b + 47*b = -43, 3*z - f = -4*b. What is the highest common divisor of z and 52?
4
Let y be -13*28/(-910) - 944/10. Let b = 124 + y. What is the highest common divisor of 10 and b?
10
Let w(o) = 5*o - 10. Let v be w(3). Suppose -5*h = v*f, -4*f - 5 = -h + 10. What is the greatest common factor of 15 and h?
3
Suppose 4*o - 139 = -c - 753, 0 = 2*o + c + 308. Let f = o - -251. Suppose -8*v + 68 = -44. What is the highest common factor of v and f?
14
Suppose -96 = -45*z + 33*z. Let i be (-195)/(-12) + 6/z. Let w(g) = g**2 - 4*g - 4. Let o be w(-3). What is the greatest common factor of o and i?
17
Let g be 0/((-4)/(-2)) - (-84 + -72). What is the greatest common divisor of 2028 and g?
156
Let y(w) = -6*w + 150. Let v be y(17). Suppose 4*r - 13*r = -3024. What is the highest common divisor of r and v?
48
Let n = 892 + -639. Suppose -4*b - z = -1242 + n, 0 = -4*z + 20. What is the greatest common factor of 6 and b?
6
Suppose -m + 2990 = -2*a, -61*m = -65*m + 4*a + 11940. What is the greatest common factor of m and 60?
20
Let m be (6/7 - 966/(-588))*(-14)/(-5). Calculate the highest common factor of m and 19271.
7
Suppose -5*u + 375 = -2*m + 108, 0 = 3*u - m - 161. Let j(y) = 0 - y**3 + y - 1 + 0*y. Let f be j(-2). What is the greatest common factor of u and f?
5
Let i(w) = -w**2 + 21*w - 10. Suppose 0 = 2*u - 5*r - 13, 0*u - 3*r = 3*u - 51. Let a be i(u). Calculate the greatest common divisor of a and 56.
8
Let g = -439 + 442. Suppose g*i + p = 6*p + 2, 3*p - 6 = i. Calculate the greatest common factor of i and 1143.
9
Let u(x) = -4*x**2 + 32*x - 1. Suppose 5*p - 20 = 3*b + 2*b, -p - 4*b = -19. Let a be u(p). Calculate the highest common factor of 1107 and a.
27
Suppose 4*q - 6*z - 3477 = -9*z, 4*q - 2*z - 3442 = 0. Calculate the greatest common factor of 8 and q.
8
Let v = -17 + 78. Suppose -44 = h - v. Let l be ((-102)/(-15))/((-4)/(-10)). Calculate the greatest common factor of l and h.
17
Let a be (340/(-5) + -2)*(-2 + 1). Let j(q) = 2*q + 11. Let b be j(-8). Let c be 1/b - 2104/(-20). What is the greatest common divisor of c and a?
35
Suppose -2*r + 315 + 146 = 3*s, -2*s = -r - 305. Calculate the greatest common factor of s and 72.
9
Let b = -3779 + 3859. What is the greatest common divisor of 5504 and b?
16
Let t be 4 + 4/((-28)/(-7)). Suppose 2*l - x - 1105 = 0, 15 = 2*x - t*x. Calculate the highest common factor of l and 50.
50
Let n(h) = 42*h - 399. Let q be n(13). What is the highest common divisor of q and 609?
21
Suppose 4*q + 7*u = 1235, -4*q - 88 + 1298 = 2*u. Let w(b) = -b**2 + 9*b - 2. Let g be w(7). What is the greatest common divisor of q and g?
12
Let t be (-8217)/22*(1 - -1). Let g be (35/(-21))/(3/t). What is the greatest common divisor of g and 5?
5
Let o = -2291 + 5162. What is the highest common divisor of 198 and o?
99
Suppose -k = 3*w - 17, 5*w + k - 13 = 12. Suppose 2*b - 5*n = 71 - 3, 0 = 2*b + w*n - 104. Calculate the highest common divisor of b and 66.
22
Suppose -2*q = c - 4*c + 308, -6*q + 252 = 3*c. Calculate the highest common divisor of c and 1127.
49
Let x be ((-6 - -6) + (-609)/2)*(-34)/51. What is the highest common divisor of x and 1073?
29
Let v(r) = r**3 + 6*r**2 + 7*r - 1. Let i be v(-4). Let u(p) = -p - 3 - i*p + 10 - 10*p. Let f be u(-12). Calculate the highest common factor of f and 25.
25
Let b = -290 - -518. Let m = -209 + b. Suppose 0*p = -k - 2*p + 144, -628 = -4*k + 5*p. What is the highest common divisor of k and m?
19
Suppose 0 = -35*q + 19*q + 48. Let s be (-22 - -19)/(0 + (-3)/111). Calculate the greatest common divisor of q and s.
3
Let u = 62 + -35. Let w(p) = u*p + 4*p**2 - 7 - 13*p - 7*p + 21*p. Let v be w(-9). What is the greatest common factor of 39 and v?
13
Let c = -437 + 450. Suppose 60 = 11*j - 83. What is the highest common factor of c and j?
13
Let f = -7089 + 24671. What is the highest common divisor of f and 236?
118
Let w(o) = 2*o**3 + 99*o**2 + 48*o + 55. Let b = -295 + 246. Let u be w(b). Calculate the greatest common factor of 26 and u.
26
Let r = 34 + -31. Let m(i) = 127*i + 9. Let l be m(r). Suppose -b = -7*b + l. What is the highest common divisor of 26 and b?
13
Let p(c) = -c**2 + 24*c - 89. Let g be p(5). Calculate the greatest common divisor of 486 and g.
6
Suppose 3*r = 4*z - 29, 3*r - 4 = -5*z + 12. Suppose -g - 103 = -z*v, -v - 4*g = g - 31. Calculate the highest common divisor of v and 3.
3
Suppose 524*g + 360 = 534*g. Calculate the greatest common divisor of g and 2556.
36
Let y(q) = 51*q - 57. Let d be y(12). Suppose 5*k = h + 4*h - d, 5*h = -k + 537. Let v be 11 - (-2)/(2 - 0). Calculate the greatest common factor of v and h.
12
Let u(g) = -989*g + 5017. Let n be u(5). Let y be (-299)/(-3) + 6/(-9). Calculate the greatest common divisor of n and y.
9
Suppose 12*u - 215 = 1045. Let k be 2/(-5) - (-2667)/u. What is the greatest common factor of k and 200?
25
Let h = -22 + 24. Let v be h/((-4)/(-1))*-16*9. Let d = v + 120. Calculate the greatest common divisor of d and 16.
16
Suppose -13 = -14*j + 1. Suppose 0 = -2*o - 2*s + 7 - j, 10 = 5*s. Let u be (6*14/21)/(o/20). What is the highest common factor of 20 and u?
20
Let t(i) = 6*i**2 + 168*i + 303. Let m be t(-41). Calculate the greatest common factor of m and 27.
9
Suppose 0 = 2*z - 2*y - 24, -4*z - 4*y = -z - 22. Suppose 18*s + 3397 = 3487. What is the highest common divisor of s and z?
5
Suppose 0 = -3*v + 2*v + 19. Let t be (-11951)/(-57) - (-18)/(-27). Calculate the greatest common factor of v and t.
19
Let f = -32630 + 33102. Calculate the greatest common factor of f and 1003.
59
Let n = 12033 - 12013. Calculate the highest common factor of n and 676.
4
Suppose 0 = -4*q + 25 + 19. Let z be (-8)/5*(-3 + (-2)/(-4)). Suppose 132 = z*u + 2*u. Calculate the highest common factor of u and q.
11
Suppose -69776 = -3*d + o, -400*d + 2*o - 93008 = -404*d. What is the greatest common factor of d and 144?
72
Let p = 23947 + -22642. Calculate the highest common divisor of 696 and p.
87
Let t(c) = c**3 - 7*c**2 + 35*c - 151. Let w be t(6). Let v = 1068 - 516. Suppose -2*u + 5*u = v. Calculate the highest common divisor of u and w.
23
Suppose 0 = -8*g - 153 + 1881. Suppose v - 28 = 2*l + 2*l, -25 = 5*l. What is the greatest common divisor of g and v?
8
Suppose 2*p - 6*p - 946 = -2*o, 0 = -2*o - 4*p + 914. Calculate the highest common divisor of 2139 and o.
93
Let s = 136 - 138. Let w(z) be the first derivative of 7*z**3/3 + 5*z**2/2 + 2*z - 2. Let t be w(s). What is th